 1 + (21 - (-18 - -31)) - -5
-4
Evaluate -7 + (7 - (5 + -2)) + -3 + 7.
1
What is -1 + (-17 - (-6 + (11 - 14)))?
-9
-4 + 48 + -8 + -25
11
Calculate 2 + -2 + 3 - (-17 - -8).
12
What is the value of 2 - (-5 - (-2 + 2 - 13)) - -43?
37
What is the value of -20 - -7 - -8 - (-13 - 4)?
12
Calculate (30 + -88 - -26) + 60.
28
Evaluate -8 + 30 + 3 - (2 - -6).
17
-17 + 31 + (-10 - -4)
8
Calculate -21 + 32 + 4 - 28.
-13
What is -63 - (-2 + -35) - -58?
32
What is the value of (-5 - (-2 - 0)) + -5 + 66 + -34?
24
Calculate (-7 - (4 + -1)) + (-6 - -1) + -5.
-20
-6 + 0 + (59 + 36 - 63)
26
Evaluate -7 - ((19 - 9) + -8).
-9
What is -32 - ((-7 - -39) + -32)?
-32
Calculate -10 - -7 - (-5 - (-6 - (16 + -1))).
-19
0 + 16 + 1 - (15 - (105 - 87))
20
What is 11 + 6 + 238 + -223?
32
Calculate -3 - (-2 - (7 - (-20 + 7))).
19
33 + -25 + (28 - 10) + 10
36
5 + -4 + 20 + -15
6
Evaluate 3 + ((2 - -8) + -9 - 12).
-8
What is the value of (-2 - (-5 - 3) - -6) + -1?
11
What is the value of (-28 - -40 - 21) + (21 - 1)?
11
What is the value of 6 - (11 + 5 + 1 + -11)?
0
What is 0 + 2 + 1 + 4 + 2?
9
Evaluate (16 + -43 - -7) + (3 - -11).
-6
Calculate (-274 - -262) + 25 + 0.
13
19 - ((-19 - -61) + -22) - (-1 + -12)
12
Evaluate -4 + -16 + 11 - -12.
3
Calculate (0 - 4) + 6 - (14 + 17 + -38).
9
What is -29 - -70 - (35 + 3)?
3
Evaluate (0 - (-2 + -2)) + -30 + 45 + -20.
-1
(-27 - 7) + (-1 - (-9 + 2))
-28
2 + 6 - (-128 + 160 + (-5 - 0))
-19
-7 + 7 + 3 + -11 + 17
9
What is the value of 3 + -51 - (-4 - 14)?
-30
Calculate -61 + 61 + (-1 - -3 - -4 - 1).
5
(7 - (20 - -12)) + (3 - 1)
-23
What is the value of (-51 + 30 - -25) + (-3 - 8)?
-7
Calculate (2 + 4 - 1 - (70 - 66)) + 15.
16
Calculate -9 - (-12 - (9 + 7)).
19
Evaluate (-10 + -8 + 8 - -64) + -15.
39
2 + 1 - (-3 - (0 - -6 - 7))
5
-6 + (-25 - (33 - 57))
-7
What is the value of 20 - ((-6 - -12) + 2)?
12
19 + 0 + (-17 - 16)
-14
Calculate 9 - (11 - (9 - (-1 - -1))).
7
Calculate (-3 + 4 + -8 - (2 + -6)) + 5.
2
Evaluate (1 - 2) + -1 + 13 - (-3912 - -3906).
17
What is ((-8 - 0) + 3 - 4 - 5) + -9?
-23
Calculate -64 + 9 + 27 + 8.
-20
Calculate -32 + 1 - ((-48 - 3) + 43).
-23
What is the value of 2 + -2 + -1 - -11?
10
What is the value of (-14 - -14 - -6) + -6?
0
Evaluate 125 - 153 - (-9 + 2).
-21
Calculate 3 + (12 - 7) - 2.
6
What is (29 + -25 - (3 + 2)) + 1 + -1?
-1
What is 8 - 0 - (56 + -27 - (0 - 8))?
-29
What is 2 - -4 - 22 - ((-6 - -14) + -8)?
-16
(-1 + 4 - (18 + -12)) + (33 - 35)
-5
What is -1 - -24 - 27 - -22?
18
Evaluate (7 - -2) + 30 + -50.
-11
What is the value of 110 - 123 - (-23 - -2)?
8
Calculate -16 - (-8 + (-9 - -7)).
-6
Calculate (3 - 1) + -1 - (11 + 9 - 11).
-8
What is 123 + -121 + (-9 - 2 - -2)?
-7
What is (0 - -6) + -21 + (-3 - -40)?
22
What is the value of -5 + 15 + (-2 - (-9 - -11)) + 9?
15
What is -16 - (1 + -22) - (-2 - (-1 - 2))?
4
Evaluate (-9 + -12 - -50) + -33.
-4
What is -6 + -3 - -18 - 8?
1
Calculate -6 + (-9 - -12 - -2) + 7 - 20.
-14
Evaluate 1 - (-6 + -5 + 3 + 0 + -3).
12
What is -7 - (27 - 44 - -34)?
-24
What is the value of (12 - 10) + -6 + 3 + -1?
-2
What is the value of -1 - -7 - (-99 + 88)?
17
Evaluate -2 + 0 + 2 - (-17 + 21 - 16).
12
17 - (-14 - (16 - 26))
21
Evaluate 12 + (35 - 33) - 46.
-32
Calculate -40 + 23 + (29 - 20).
-8
What is the value of -1 + 24 - (-1299 - -1327)?
-5
35 + -10 + (-9 - -17) + -5
28
Calculate -14 + (3 + (3 - 4) - (3 - 0)).
-15
Evaluate (3 - -10 - 9) + (-2 + 0 - -4).
6
What is 5 + (14 - 16) + 18 + -2?
19
Calculate (1 - (-11 + (12 - 8))) + -21.
-13
What is the value of -97 - -65 - (-7 + -30)?
5
2 - 9 - (-3 - 10)
6
Calculate -1 + -5 + 8 + 5 - (10 - -10).
-13
Calculate -149 + 127 - (-1 + -5).
-16
What is the value of 15 + -1 + (6 - (-10 - (-5 + -4)))?
21
Calculate (14 - (-6 + 0 + 35)) + -14.
-29
Calculate (0 - (0 + 1 + -1) - -8) + -5.
3
-4 - (-3 + 0 + 10 - (4 + -2))
-9
What is the value of 2 + (-1 - (4 - 12)) - -3?
12
0 + (-5 + 1 - (7 + -3)) - -3
-5
Evaluate 0 - (-7 + 1 - (-16 + 27 + -42)).
-25
Calculate 10 + -26 + 12 + 5.
1
(-2 - (-1 - (-3 + 3))) + -104 + 94
-11
-108 + 107 - (-4 - 20)
23
Calculate (21 + (-22 - -1) - (-2 - -1)) + -5.
-4
What is the value of 2 + 1 + -3 + -8 + (9 - -2)?
3
What is the value of 22 + 23 + -59 + 0?
-14
Calculate (-4 + 1 - 2) + 9 + -22 + 36.
18
What is 48 - ((82 - 39) + 3)?
2
Evaluate 1 + (10 - 4) + (-6 - 1) - -8.
8
Evaluate (2 - (-3 - 17)) + -16.
6
Evaluate 3 + 2 + (-8 - (-9 - (-2 - -1))).
5
3 + -23 + (-6 - -4 - -9)
-13
7 + -8 + (-1 - -1) + (7 - 8)
-2
Evaluate (-15 - -51) + -20 + 7 - (3 - -1).
19
Evaluate -10 + 14 + -15 + 2.
-9
(-27 - -10 - -47) + 2
32
Evaluate -1 - (2 - -3) - ((-1 - 28) + 5).
18
Evaluate 3 + -1 + -14 + 28 + -13.
3
Evaluate 11 + -1 + -5 - (-8 + -1 - -4).
10
Evaluate -13 + -17 + 14 + 5.
-11
What is (-26 - (-4 + -1)) + (4 - -6)?
-11
What is (54 - 73) + (5 - -1)?
-13
Evaluate -358 - -378 - (16 - -1).
3
Calculate 16 - (50 + -46 - (0 - -2)).
14
-1 + 1 - -9 - (230 + -140 - 78)
-3
What is the value of -5 - -2 - (6 + (-2 + 3 - -1))?
-11
Evaluate 6 - (-277 + 269 - (-5 + 0)).
9
-18 - ((-11 - -23 - 19) + 7)
-18
Evaluate (-2 - 1) + (-14 - -8 - -7 - 17).
-19
Evaluate 3 + 2 + -4 - 10 - -12.
3
Evaluate -64 + 51 - (8 - 17).
-4
(-31 - -43) + (2 - 9)
5
Evaluate (-4 - (-6 - 5)) + -7.
0
5 - (8 + 11 + (37 - 21))
-30
Evaluate 6 + 0 - (-9 - (-4 - 6) - -6).
-1
-2 + (3 - 9 - -10)
2
Calculate 40 + (-23 - (-21 + 20)).
18
Calculate 19 + (7 - (-6 + 19 - 1)).
14
What is -3 + 25 - (25 + (-4 - 17))?
18
What is the value of -1 - 40 - (79 - 100)?
-20
Calculate 0 - -31 - (195 - 166).
2
What is the value of (4 - 3) + 2 - (43 + -27 - 7)?
-6
Calculate 15 + (-14 - (-22 + 17)).
6
(1 - (-6 - 2)) + (149 - 163)
-5
What is -40 + 28 - (-13 + -3)?
4
What is the value of (9 - -2) + -23 + (4 - -1) - -9?
2
(-517 - -486) + (-2 - -21)
-12
What is 21 + -31 - (-3 + (16 - 8) + -15)?
0
(29 - 14) + -6 - 29
-20
9 + 1 + 0 + (118 - 117)
11
Calculate 33 + -12 + -10 + -2 + 8.
17
What is 2 + 4 + 0 + -6?
0
Calculate -5 + 6 + -5 - (-4 + -10).
10
What is the value of (-231 - -230) + (9 + -1 - 2)?
5
What is (3 - (-2 - -8)) + 4?
1
Evaluate (3 + -6 - -6 - -1) + 0.
4
3 - (-16 - (4 + -21))
2
What is 26 + 17 + -23 - 8?
12
What is the value of (-11 + 31 - -9) + -12 + -1?
16
23 - (-9 + -7 + -1 + 8 - -18)
14
Evaluate -32 - (6 + -43 + 28).
-23
What is the value of 10 + -9 + -3 + -2?
-4
Calculate -2 + (-1 - 0) + 160 + -154.
3
Calculate 1 + -9 + 10 + (-8 - -6 - -14).
14
What is -28 + 17 + (-14 - -4) + 3?
-18
(-4 - -1) + 10 + -14 + 5 + 1
-1
-5 - 2 - (3 + -1 + (1 - -1))
-11
Calculate -5 - -6 - (-3 + 5) - 2 - -4.
1
Evaluate (3 + 1 - (-2 + 5)) + (-103 - -112).
10
Evaluate -11 + -2 - ((-15 - -21 - -10) + -14).
-15
(8 - -2 - (-39 - -39)) + 4
14
Calculate -16 - ((106 - 154) + (2 - -9)).
21
Calculate 2 - (-66 + 65 + (6 - 1)).
-2
Calculate -1 + -5 + -2 + -7 + 27.
12
-3 - ((-19 - 2) + 4)
14
Evaluate (52 - (-1 + 5)) + (-1 - (-14 - -24)).
37
25 - (25 - (-19 + -9))
-28
Evaluate 1 + (0 - -3 - -5) + -4 + -4.
1
-9 + 9 + (-1 - (1 - -2)) + 17
13
2 + 46 + 1 + -3 + -10
36
Calculate -5 - (-3 - (-6 + -1) - 2 - 7).
0
Calculate (0 - -14) + -3 - 5 - (-1 - -2).
5
Evaluate 13 + (-3 - (-3 - -4)) + (5 - 1).
13
Calculate -5 - -8 - (-1 - 10).
14
-11 + -8 + 15 - (0 + -1 - -9)
-12
What is the value of 16 + -1 - (-143 - -158)?
0
What is (0 + 6 - 15) + 20?
11
Calculate (1 - -1) + 9 - -6.
17
What is the value of 1 - (19 - (6 - (6 + -7 - -8)))?
-19
What is the value of (499 - 501) + (-6 - 0 - (2 + -3))?
-7
Calculate 39 + 9 + -7 + -32.
9
What is the value of 2 + 0 + -16 + 11 - 2?
-5
What is 6 + (3 - 4 - 8) + (19 - 13)?
3
What is the value of -35 + 78 + -49 - (-2 - -10 - -2)?
-16
What is the value of (-5 - (3 + 3)) + 12?
1
Evaluate -13 + -13 + (-22 - -30).
-18
-16 + 2 + 25 + 0 + -15
-4
Evaluate (-8 - 1) + (4 - 6) - (1 + -2).
-10
What is the value of 13 + -8 - -2 - (0 + -7) - 5?
9
What is the value of (-23 - -2) + (-10 - -26)?
-5
What is 1 - (-29 + -1) - (55 + -7 + -40)?
23
149 - 185 - (0 - 48)
12
What is the value of 1 - (3 + 2) - (-1 - (-6 - 1))?
-10
Calculate 5 + 7 - -7 - 12.
7
What is (3 - -1) + (6 - (16 + -4)) + -1?
-3
Evaluate 15 - 10 - ((5 - (-3 + 0)) + 5).
-8
What is the value of 5 - (-2 - (-3 - (6 - 0)) - 9)?
7
Evaluate (6 + 12 - -1) + 0.
19
What is the value of 13 - ((-2 - -2) + -3 - (32 - 33))?
15
-90 + 108 - (7 - 1)
12
-88 + 97 + -19 + 0 - 9
-19
Eval